tor of 56 and l.
7
Let k = 20 + -11. Let z = 14 - k. Suppose 15*h - 45 = -15. What is the greatest common factor of h and z?
1
Let x be 0/(1*(-2 - -3)). Suppose x*q + q = 121. Let z = -13 + 24. Calculate the greatest common factor of z and q.
11
Let s = -11 - -2. Let d(f) = -f**3 - 9*f**2 + f + 10. Let j be d(s). Let k be (57 + 2 + j)/1. Calculate the greatest common divisor of 12 and k.
12
Let m be 290/13 - 468/1521. Calculate the highest common factor of 396 and m.
22
Let l = 124 - 4. Suppose y + 5*c - c + 15 = 0, 2*y + 2*c = 0. Suppose 182 = 4*h + 2*b, -2*h + b = y*b - 76. What is the highest common factor of h and l?
24
Let r be (-54)/351 + (2 - 288/(-13)). Calculate the highest common divisor of r and 312.
24
Suppose 0 = p - 2*j - 4, 3*j = -2*p - 0*j + 29. Let t be 21/(133/(-34) + 4). Suppose 0 = -7*a + t - 98. Calculate the greatest common divisor of p and a.
10
Suppose -5*v + 3*h + 525 = 0, -5*h - 530 = -5*v - 3*h. Calculate the highest common divisor of v and 486.
54
Let j(w) = w - 2 + 3 + 0 - 7*w**3 + 3*w**2 - 2*w**2. Let q be j(-3). What is the greatest common divisor of 28 and q?
28
Let t(c) = -20*c. Let s be 2/(-3)*30/20. Let a be t(s). Calculate the greatest common divisor of a and 8.
4
Let o = 53 - 52. Let z be (5 - (9 + o))*110/(-2). What is the greatest common factor of 25 and z?
25
Suppose -40 = -2*w - 32. Suppose -3*s + 2*m = 3, 15 = 2*s + 3*m + w. Let p(o) = 2*o**2 + 3*o + 3. Let t be p(-2). What is the greatest common factor of t and s?
1
Let l(d) = 17*d + 18. Let c be l(6). Calculate the greatest common divisor of 150 and c.
30
Let p be 2/((-4)/6) + 31. What is the highest common divisor of p and 10?
2
Let g be (-664)/28 + 10/(-35). Let k = -18 - g. Suppose -66 = -k*q - 24. What is the greatest common factor of 28 and q?
7
Suppose -2*m + 22 + 28 = 0. Suppose 2*j = 25 + m. Suppose 0 = -2*a - f - 10 + 31, j = 5*f. What is the highest common divisor of a and 2?
2
Let y be 748/20 + 3/5. Let g(x) = 0*x + 1 - 2*x + 10*x. Let j be g(7). What is the greatest common divisor of j and y?
19
Suppose -12*v + 20025 = 5673. Calculate the highest common divisor of v and 52.
52
Suppose 0 = k + 20 - 95. What is the highest common factor of 3 and k?
3
Let h = 18 - 14. Suppose h*j + 8 = 20. Suppose y + 0*p - 4*p = -16, -j*p = 3*y - 27. What is the greatest common divisor of y and 32?
4
Let g(u) = 38*u**2 - 1. Let v be g(-1). Let r(p) = -p**2 - 35*p - 47. Let t be r(-17). What is the greatest common factor of t and v?
37
Let j be (10/(-2))/(-10 + (-546)/(-56)). What is the greatest common factor of 90 and j?
10
Suppose -j = -2*h - 22, -3*h + 5*h = -j + 2. Calculate the greatest common divisor of 6 and j.
6
Let z = 15 + -33. Let v be (10/(-15) + -3)*z. Calculate the highest common factor of 6 and v.
6
Let i be -2*(-24)/64 + 621/4. Calculate the highest common divisor of i and 78.
78
Let l(g) = -3*g - 36. Let s be l(-25). What is the greatest common divisor of s and 26?
13
Let y be ((-2)/5)/(2/(-60)). Let h be -8 + -8*(-6)/4. What is the highest common divisor of y and h?
4
Let x be ((-186)/(-21) + -8)/(1/56). Calculate the highest common divisor of x and 60.
12
Let n be 74/3 + (-4)/(-12). Let s(b) = 49*b**2 + 4*b + 2. Let f be s(3). Let c be (f/(-52))/((-1)/20). What is the highest common factor of c and n?
25
Let b be 1*((-8)/4 + 2). Suppose b = -29*i + 34*i - 30. Let o(j) = 3*j**2 + j - 9. Let d be o(i). What is the highest common factor of d and 15?
15
Suppose -138 = -2*f - f + 3*p, 5*p - 190 = -5*f. Calculate the greatest common factor of 28 and f.
14
Suppose -2*f = -5*i - 478, 3*i + 6*f + 290 = 4*f. Let v be (4 + 0 - -2)/((-9)/i). Calculate the highest common divisor of v and 48.
16
Let r(l) = -l**3 - 14*l**2 - 15*l + 14. Let a be r(-14). Suppose 2*t + 56 = 4*t. Calculate the highest common divisor of t and a.
28
Let m(k) = -9*k - 33. Let y be m(-6). Suppose y*f - 25*f = -28. Calculate the greatest common divisor of 7 and f.
7
Let g = 132 - 45. Suppose 5*f - 368 - g = 0. What is the greatest common factor of f and 13?
13
Let z(d) = d**2 + 8*d - 1. Let a be z(-9). Suppose -4*h = -a, -467 = -2*l - 3*l + 4*h. What is the greatest common divisor of l and 38?
19
Suppose 16*z = 12*z + 40. Suppose 2*b - 50 = -4*w, w - 4*w - 85 = -2*b. Calculate the highest common factor of b and z.
5
Suppose 2*a - 1 = -2*g + 23, -g - 4 = 0. Let v(u) = u**3 + 16*u**2 - 22*u - 53. Let m be v(-17). Calculate the highest common divisor of m and a.
16
Let t be (2/(-6))/(1/3). Let b(j) = j. Let g(m) = -m**2 - 5*m - 3. Let w(d) = t*g(d) + b(d). Let s be w(-6). Calculate the greatest common divisor of 15 and s.
3
Suppose 32*k = 20*k + 8568. Calculate the greatest common factor of 84 and k.
42
Suppose 0 = -w - 0 + 3, 2*o + w = -115. Let v = o + 76. Calculate the highest common divisor of v and 170.
17
Let p = -1 - -13. Suppose 1484*i - 1496*i = -1152. Calculate the highest common factor of i and p.
12
Let i be 0/(-19)*(-2)/4 + 62. What is the highest common divisor of i and 1116?
62
Let g be (2/3)/((-4)/(-60)). Suppose 184 = 4*f - 136. Let h be (0 + -1 - -1) + f. What is the highest common factor of g and h?
10
Let y = -12 - 9. Let n be ((-18)/y)/(1/28). Let z = 46 + -40. Calculate the highest common factor of n and z.
6
Suppose -4*x = -5*k - 8*x + 238, -59 = -k + 3*x. Let i(v) = -9*v + 1. Let g be i(-1). Calculate the highest common factor of g and k.
10
Let r = 89 - 54. Let y = 38 - r. Suppose f = -y*n + 42, n - 40 - 34 = -2*f. What is the greatest common divisor of f and 324?
36
Let v be (-2)/(-5) + (-26)/(-10). Let h be ((-10)/(-3))/((-15)/(-108)). What is the highest common divisor of h and v?
3
Let d(v) = -v**3 - 13*v**2 - 2*v - 4. Let k be d(-13). Let c = k - 17. What is the highest common factor of 25 and c?
5
Suppose -46 = -2*f - 288. Let u = 143 - f. Suppose 0*q + u = 3*q. What is the highest common divisor of 22 and q?
22
Suppose 9 = 5*j - 21. Let m(z) be the third derivative of z**5/60 - z**4/6 - 7*z**3/6 + 4*z**2. Let l be m(j). What is the highest common divisor of 35 and l?
5
Let l = -204 + 321. Calculate the greatest common factor of l and 39.
39
Let j = 35 + 7. Let y be 889/j + 2/(-12). What is the highest common factor of y and 21?
21
Suppose 0 = -2*x - 22*i + 24*i, 3*i = -5*x + 8. What is the highest common divisor of x and 67?
1
Suppose -32*j - 25*j = -570. Calculate the highest common divisor of j and 320.
10
Let d be (-9 + 8)*(2 + -2). Let z be (-213)/(-3) - (d - -1). What is the highest common factor of 28 and z?
14
Suppose 2*f = -2*c + 1267 + 1245, 3*c = -2*f + 2514. Calculate the highest common divisor of 38 and f.
38
Suppose 99*m - 95*m = -5*r + 368, -5*m + 460 = 2*r. What is the greatest common divisor of m and 69?
23
Suppose -k = -3, 0 = -5*i - 16*k + 13*k + 1439. What is the highest common divisor of i and 154?
22
Suppose -2*b = -5*b + 87. Let c = 398 + -166. What is the greatest common factor of b and c?
29
Let l(n) = 24*n**2 + 3*n + 2. Let a be l(-2). Suppose 22 = -6*y - a. Let r = y + 75. Calculate the greatest common factor of 14 and r.
14
Let j = -82 - -94. Let z = 807 + -340. Suppose 0 = -5*s + z - 47. What is the highest common factor of s and j?
12
Suppose -8775 = -25*j + 4975. What is the highest common factor of j and 100?
50
Let d(k) = 5*k**2 + 2*k + 2. Let n be d(-1). Suppose -15 = -n*t + 35. Calculate the greatest common factor of 70 and t.
10
Suppose 0 = 9*a + a - 100. What is the greatest common factor of 470 and a?
10
Let q = 261 - 227. What is the greatest common divisor of q and 102?
34
Let b = 8314 + -8285. Let q = 364 + -161. Calculate the greatest common divisor of b and q.
29
Let d(x) = -x**3 + 21*x**2 + 5*x - 91. Let v be d(21). What is the greatest common factor of v and 18?
2
Let o(j) = -j**3 + 17*j**2 + 43*j - 42. Let h be o(19). What is the greatest common factor of 159 and h?
53
Let o(k) = -2*k**2 - 48*k - 109. Let u be o(-20). Calculate the highest common factor of u and 27.
3
Let r be (-10 + 7)/(-2 + (-7)/(-2)). Let c(o) = -o**2 + o + 6. Let q be c(6). Let p be (-5)/r*q/(-10). What is the highest common divisor of 18 and p?
6
Let y = -77 + 979. Calculate the greatest common divisor of 82 and y.
82
Let t = -830 + 894. Calculate the highest common factor of 208 and t.
16
Suppose -5*n = r - 6*r + 165, 5*n = -2*r